he prime factors of (58/6)/(i/15).
29
Suppose -q + 4*y = 19, -q - y + 1 + 0 = 0. Let d be (3 - 4)/(q/138). Suppose d = -3*p + 5*p. What are the prime factors of p?
23
Let g = 9 + -4. Suppose -3*z + 2*f + 138 = -0*z, -f = g*z - 243. List the prime factors of z.
2, 3
Suppose -m = -2*q + 14, 5*q - 12 = m + 4*q. Let d = 3 + m. What are the prime factors of 2/14 - 258/d?
37
Let v be (-15)/(-2)*(-4)/(-6). Let a = v - 0. Suppose a*n - 23 - 47 = 0. List the prime factors of n.
2, 7
Suppose -4*o - o + 6388 = -2*a, 2548 = 2*o + a. What are the prime factors of o?
2, 11, 29
Let d(h) = h**2 - 15*h + 15. Let r be (-16)/(-64) + 142/8. What are the prime factors of d(r)?
3, 23
List the prime factors of (-5 - 11431/35)*-5.
2, 829
Let g = 299 + -117. Let i = g + -119. What are the prime factors of i?
3, 7
Suppose -373 = -4*u + 983. List the prime factors of u.
3, 113
Suppose 1857 = 9*o - 6693. List the prime factors of o.
2, 5, 19
Suppose -2*i = -2*t + 410, 3*t + 820 = 7*t + 3*i. Suppose 23 + t = 2*x. What are the prime factors of x?
2, 3, 19
Suppose 3*c + 3*z - 10 = c, -4*z + 14 = 3*c. Suppose -3*g = c*g - 330. List the prime factors of g.
2, 3, 11
Let z(w) = w**3 - 9*w**2 + 8*w + 2. Let t be z(8). Suppose -t*a = a - 4*b - 121, 27 = a + 2*b. Let h = a + -19. List the prime factors of h.
2
Let o = 1317 - 401. Suppose 253 = -3*j + o. Suppose -5*y + j = 4*u, 4*u + 107 = 3*y - 0*u. What are the prime factors of y?
41
Let o(s) = -2*s**3 - 27*s**2 - 17*s - 15. Let j(p) = p**3 + 13*p**2 + 8*p + 8. Let v(n) = 5*j(n) + 2*o(n). What are the prime factors of v(-8)?
2, 7, 11
Let k = 112 + -56. Let f = k + -22. Suppose f = -5*v + 149. List the prime factors of v.
23
Suppose -9*h = -31 - 59. Suppose -3*f + 4*f + 2*n = h, -f - 5*n = 2. What are the prime factors of f?
2, 3
Suppose -3*q - c = -29, 57 = 2*q - 5*c + 15. Suppose -5*h + q = -314. List the prime factors of h.
5, 13
Let b(c) = -81*c + 85. Let u(d) = 27*d - 28. Let a(f) = 2*b(f) + 7*u(f). List the prime factors of a(10).
2, 61
Suppose 2*n - 19 + 225 = -f, n + 638 = -3*f. Let d = -90 - f. What are the prime factors of d?
2, 31
Suppose 0*k - 60 = k. Let b = k - -158. What are the prime factors of b?
2, 7
Let k(b) = -1. Let w(r) = -13*r. Let o(d) = 6*k(d) - w(d). List the prime factors of o(5).
59
Let o(z) be the third derivative of z**6/120 + z**5/60 - z**4/12 - 2*z**3/3 - 7*z**2. Let w be o(-3). Let h = w - -31. What are the prime factors of h?
3, 5
Let z be 2 + (-3 - -4) + -2. Let h be 1/z - (6 - 8). Suppose -2*l - 17 = -h*l. List the prime factors of l.
17
Suppose -4*k + 16 = -4*s, s = 3*s. Let p(h) = 3*h**3 - 3*h**2 + 4*h + 6. List the prime factors of p(k).
2, 83
Let q(a) = 52*a + 1089. List the prime factors of q(34).
2857
Suppose -2*f - 3*i - 154 = 15, 4*f + 358 = -2*i. Let w = 199 + f. What are the prime factors of w?
107
Let z be 6 + -3 - (-35)/7. Suppose 0 = -3*r - 4*d + z, -5*r - 2 = -d - 0*d. Suppose -5*q = r, -4*g + q + 276 = -0*q. What are the prime factors of g?
3, 23
Let r = -18 - -20. Suppose 116 = 6*f - r*f. Suppose 0 = 2*s + f - 105. List the prime factors of s.
2, 19
Let o(k) = -k**3 + 4*k**2 - 5*k + 10. Let j be o(3). Suppose -j*i + 1076 = 3*s, -3*i - 2*i + 1346 = 4*s. List the prime factors of i.
2, 7, 19
Let y(p) = -9*p**3 + 2*p + 1. Let x be ((-1)/1)/(11/22). List the prime factors of y(x).
3, 23
Let r(s) = s**3 - 8*s**2 - 4*s + 10. Suppose 27 = 6*f - 153. Suppose 2*x = 2*g - 5 - 7, 4*g - f = 2*x. What are the prime factors of r(g)?
5, 11
Let n be (92/69)/(4/(-30)). List the prime factors of (-54)/(-15)*n/(-6).
2, 3
Suppose -21033 = 16*s - 77929. What are the prime factors of s?
2, 7, 127
Let x(h) = 3*h + 69. What are the prime factors of x(-20)?
3
Let j(u) = -u - 20. Let a(w) = 1. Let s(z) = 4*a(z) - j(z). What are the prime factors of s(0)?
2, 3
List the prime factors of ((-2)/1)/((66/996)/(-11)).
2, 83
Suppose 2*a + 538 = -542. Let z = 787 + a. List the prime factors of z.
13, 19
Suppose 0 = 3*o - 2*o - 6. Suppose 0 = o*b - 10*b + 372. What are the prime factors of b?
3, 31
Let s = -2 - 11. Let c(y) = -y**3 - 12*y**2 + 9*y - 14. What are the prime factors of c(s)?
2, 19
Let c = -165 - -312. Suppose 0*a = -7*a + c. What are the prime factors of a?
3, 7
Let j(x) = x**3 + 5*x**2 + 5*x + 2. Let d be j(-3). Suppose -z - d*f = 38, 0*z - 2*f = 2*z + 92. What are the prime factors of ((-4)/(-12))/((-1)/z)?
2
Suppose 2*b + 4 = -4. Let l(u) = -30*u - 7. List the prime factors of l(b).
113
Let b(z) = -2*z**3 + 20*z**2 - 18*z - 15. List the prime factors of b(-8).
3, 811
What are the prime factors of 333996/156 + (-7 - -1)?
5, 7, 61
Let p = 71 - 69. Suppose p*o + 6 - 46 = 0. List the prime factors of o.
2, 5
Let u = -1 - -3. Suppose -3*z + 24 + u = -2*p, -3*z = -5*p - 38. Suppose 2*i + 9 = 3*o + 3*i, 0 = -2*o - 5*i + z. What are the prime factors of o?
3
Suppose -5*o + 0 - 12 = 2*b, -2*o - 29 = 3*b. Let j be (-8 - -8) + 2*b. What are the prime factors of 4/j - 448/(-44)?
2, 5
Let i(d) = 7*d. Let l be (-1)/4 - (-84)/16. Suppose 19 = -3*s + l*s - 3*b, 0 = -s - 2*b - 8. List the prime factors of i(s).
2, 7
Let c(i) = -i**3 + 11*i**2 - 11*i + 8. Let x be c(10). Let m be (-12)/6 - 2*x. What are the prime factors of (-49)/(-14) - (-3)/m?
5
Let r = -15 + 34. Suppose -r + 5 = -o. Suppose 4*z = o + 6. List the prime factors of z.
5
Let c(h) = -5*h**3 - 17*h**2 - 9*h + 6. List the prime factors of c(-5).
251
Suppose 2*c = -311 + 415. List the prime factors of c.
2, 13
List the prime factors of -14*(78/(-4) + -1).
7, 41
Suppose 0 = -0*l - 4*l + 8. Suppose -3*k = -2*k - l. Suppose -k*c = -4*c + 20. What are the prime factors of c?
2, 5
Let a be (2/4)/(7/168). Let l be (78/(-12))/((-2)/a). Suppose l = -0*x + 3*x. List the prime factors of x.
13
Let u(r) = r**3 - 3*r**2 + 8. Let o be u(4). What are the prime factors of o + (3 - 3)/(2/1)?
2, 3
Let z be 14*-6*(-21)/(-28). What are the prime factors of 60/((z/6)/(-7))?
2, 5
Suppose 0 = -2*g + 5*z + 426, 3*g + 4*z = -0*z + 593. Let k = g - -76. What are the prime factors of k?
3, 31
Let j be 10/20 - (-14)/4. Suppose j + 4 = 2*p. List the prime factors of p.
2
Suppose b + 2*b = -t - 11, 2*t + 2 = -2*b. Suppose 22 = t*l - 146. List the prime factors of l.
2, 3, 7
Let x = 956 - 551. List the prime factors of x.
3, 5
Let j be (-1 - 3) + 7 - -2. Suppose 4*n - 2*y - 132 = -3*y, j*y = 3*n - 122. List the prime factors of n.
2, 17
Let q = 98 - 103. Let r(p) = -p**3 + 6*p**2 - 6*p - 7. Let m(w) = -2*w**3 + 7*w**2 - 5*w - 8. Let b(o) = -2*m(o) + 3*r(o). What are the prime factors of b(q)?
2, 5
Let g be 28/98 + 46/(-14). Let t be (-3)/(-1) + g + -1. What are the prime factors of 50*(t - (-2 - 0))?
2, 5
Suppose 30 = 5*c + 2*s, 2*c - 12 + 0 = -s. Let p = 41 - -39. Suppose p = -f + c*f. List the prime factors of f.
2
Let m = 4615 - 2916. What are the prime factors of m?
1699
Let u = -8 - -13. What are the prime factors of (-1)/(u/42 - 3/18)?
3, 7
Suppose -12*c + 485 = -7*c. List the prime factors of c.
97
Suppose -3*s + 1024 = -2*l, 3*l + 278 = s - 75. List the prime factors of s.
2, 13
Let f be (299/1)/(2 + -1). Suppose 2*v - 155 = x - 4*x, 4*v - 5*x - f = 0. What are the prime factors of v?
2, 19
Let n(c) = -26*c + 9. Let a be n(7). Let p = 301 + a. What are the prime factors of p?
2
Let b(h) = -3*h**3 - 3*h**2 - 10*h - 3. Let f be b(-4). Let o = 262 - f. List the prime factors of o.
3
Suppose -d = 4*a + 8, -23 = 5*d + a + 17. Let z = d - -4. List the prime factors of z/18 - 436/(-18).
2, 3
Suppose 29 = -3*n + 326. Let r be -1*n/(-3) - -2. Suppose 107 = 4*t + i, 2*t - r - 22 = 3*i. What are the prime factors of t?
3
Let s be (-2)/(-3) - 48/(-9). Suppose s*q - 15 = 15. Suppose -172 - 178 = -q*i. List the prime factors of i.
2, 5, 7
Let z be -1 - 3 - 1*-8. Suppose -3*x = -4*l - z, x - 4 - 10 = -5*l. Suppose x*f - 8*f = -48. List the prime factors of f.
2, 3
Let k(s) = -s**3 + 59*s**2 + 65*s - 148. List the prime factors of k(59).
3, 1229
Let m be (3/2)/((-21)/(-70)). Suppose 4*r = -h + 84, -m*r + 88 = 3*h - 6*h. Suppose u + 8 = r. What are the prime factors of u?
2, 3
Let n be (24/10)/(33/440). Suppose 5*c - c = -n. Let f(m) = -4*m + 17. List the prime factors of f(c).
7
Let m(j) = 5*j + 495. List the prime factors of m(0).
3, 5, 11
Suppose -3*y = -0*y. Let u(l) = -l**3 - l**2 -